686676 a multiple of 743?
False
Does 24 divide 190574749?
False
Is 182407098 a multiple of 6?
True
Is 88215879 a multiple of 57?
True
Is 1990010998 a multiple of 7?
False
Is 343 a factor of 179327305?
False
Is 306 a factor of 251671468?
False
Is 138439119 a multiple of 1578?
False
Is 12246157 a multiple of 1099?
True
Does 5 divide 14939805?
True
Is 767051648 a multiple of 8?
True
Does 14 divide 5351816950?
False
Is 123523674 a multiple of 19?
True
Does 120 divide 59715600?
True
Does 3284 divide 403288336?
True
Is 12199720 a multiple of 104?
True
Is 14 a factor of 1447669104?
True
Is 25 a factor of 1151854750?
True
Does 119 divide 206151341?
False
Is 121 a factor of 308520314?
False
Does 2 divide 16394501?
False
Is 74002540 a multiple of 9?
False
Is 11337260 a multiple of 4?
True
Does 84 divide 997752?
True
Is 442047344 a multiple of 251?
False
Does 265 divide 453799065?
False
Does 35 divide 137604915?
True
Does 1432 divide 902822846?
False
Is 180325396 a multiple of 6?
False
Does 9 divide 444295782?
True
Is 775135028 a multiple of 1749?
False
Is 6478785 a multiple of 405?
True
Is 182 a factor of 943668362?
True
Is 78 a factor of 104888940?
True
Does 2 divide 17682817?
False
Does 433 divide 764886706?
True
Does 111 divide 2723818157?
False
Is 149 a factor of 93960821?
False
Is 1413 a factor of 13251860?
False
Is 2956 a factor of 62076000?
True
Is 249281262 a multiple of 2313?
True
Does 855 divide 599955982?
False
Is 44405760 a multiple of 960?
True
Is 2803567030 a multiple of 3370?
True
Is 2402676919 a multiple of 1719?
False
Is 238 a factor of 275755368?
True
Is 47668643 a multiple of 83?
True
Is 34318277 a multiple of 74?
False
Is 206 a factor of 362537368?
False
Is 362350824 a multiple of 53?
True
Is 112 a factor of 66287648?
True
Does 17 divide 1451300897?
True
Does 15 divide 17703760?
False
Is 1629 a factor of 4317561873?
True
Does 1599 divide 138967155?
False
Is 8 a factor of 279637008?
True
Is 438115 a multiple of 5?
True
Is 30 a factor of 6116710?
False
Is 173157354 a multiple of 662?
True
Is 81048415 a multiple of 47?
False
Is 6 a factor of 1630949?
False
Is 9232096 a multiple of 8?
True
Is 14999698 a multiple of 42?
False
Is 73 a factor of 19842787?
True
Does 45 divide 32310939?
False
Does 39 divide 24751311?
True
Is 39965110 a multiple of 13?
False
Does 91 divide 42356041?
True
Is 378 a factor of 2187664416?
True
Does 17 divide 5829521?
True
Is 2321051300 a multiple of 100?
True
Is 43437364 a multiple of 4?
True
Is 495345661 a multiple of 209?
False
Is 253 a factor of 3003207658?
True
Is 213 a factor of 261737169?
True
Is 29086021 a multiple of 2381?
False
Does 42 divide 504753854?
False
Does 642 divide 313721004?
True
Is 101941686 a multiple of 66?
True
Is 13123960 a multiple of 1161?
False
Is 473093040 a multiple of 56?
True
Does 91 divide 511648126?
False
Is 89078068 a multiple of 53?
False
Does 16 divide 1650090080?
True
Is 1770465403 a multiple of 2009?
True
Does 184 divide 125760311?
False
Is 79379321 a multiple of 41?
True
Does 11 divide 13540349?
False
Is 27024328 a multiple of 514?
False
Is 43 a factor of 329076678?
True
Is 13 a factor of 453923110?
False
Does 117 divide 39563550?
True
Is 8 a factor of 165930976?
True
Is 656 a factor of 210422496?
True
Is 621680933 a multiple of 39?
False
Is 22 a factor of 8655592?
True
Is 315 a factor of 58675576?
False
Does 22 divide 40963587?
False
Is 1809929863 a multiple of 2569?
True
Does 20 divide 184382240?
True
Is 42042347 a multiple of 191?
True
Is 1615 a factor of 121836135?
False
Does 1803 divide 514050069?
False
Is 132 a factor of 840386448?
True
Is 1452 a factor of 16311768?
True
Is 619272420 a multiple of 12?
True
Is 3728528 a multiple of 16?
True
Is 182921807 a multiple of 12?
False
Is 412 a factor of 51066576?
True
Is 160 a factor of 4985091?
False
Is 1011 a factor of 10774833?
False
Is 39 a factor of 2778932?
False
Does 11 divide 79771461?
True
Is 77 a factor of 78202355?
True
Is 30 a factor of 199480966?
False
Is 200074910 a multiple of 74?
True
Is 55290980 a multiple of 1285?
True
Does 354 divide 64347996?
True
Does 11 divide 16285601?
False
Is 583055958 a multiple of 311?
True
Is 415640304 a multiple of 48?
True
Is 1537350381 a multiple of 36?
False
Does 316 divide 5135007?
False
Is 63137184 a multiple of 88?
True
Does 89 divide 1256160774?
True
Is 8 a factor of 243272?
True
Is 4080736912 a multiple of 23?
True
Is 2229 a factor of 199263684?
True
Is 42 a factor of 496390055?
False
Is 3677 a factor of 1220160972?
True
Is 70064580 a multiple of 29?
True
Is 371832 a multiple of 4?
True
Is 129 a factor of 48426377?
False
Is 1637773590 a multiple of 13?
False
Does 15 divide 282305985?
True
Is 28389068 a multiple of 106?
False
Is 51307128 a multiple of 1432?
True
Is 2428 a factor of 219644174?
False
Does 4 divide 82727245?
False
Does 1625 divide 33625821?
False
Is 450545916 a multiple of 172?
True
Is 949290014 a multiple of 717?
False
Does 618 divide 28106634?
False
Is 2781840541 a multiple of 69?
False
Is 1671804780 a multiple of 8474?
False
Does 8 divide 9866584?
True
Is 2543 a factor of 650387508?
True
Is 11 a factor of 13677115?
False
Does 418 divide 42113394?
False
Is 6 a factor of 19252557?
False
Is 2382818 a multiple of 218?
False
Does 447 divide 121663762?
False
Does 50 divide 633597523?
False
Is 1047970745 a multiple of 5100?
False
Is 1229 a factor of 103223699?
False
Does 62 divide 5733078?
True
Is 800301650 a multiple of 11075?
True
Is 20 a factor of 1192520?
True
Does 52 divide 892583016?
True
Is 789 a factor of 17831121?
False
Does 28 divide 817893944?
True
Is 4 a factor of 10696330?
False
Is 15070050 a multiple of 50?
True
Does 3690 divide 819855270?
True
Is 136481125 a multiple of 220?
False
Is 67 a factor of 300086929?
False
Is 317 a factor of 69837636?
True
Is 100 a factor of 1035648200?
True
Is 9915669 a multiple of 41?
False
Is 584 a factor of 65478644?
False
Does 1208 divide 163191656?
False
Is 88 a factor of 645186291?
False
Is 2 a factor of 47563613?
False
Is 102 a factor of 144447096?
True
Does 28 divide 43197300?
False
Does 1474 divide 22395523?
False
Is 366 a factor of 856866750?
False
Does 287 divide 584766844?
False
Is 407 a factor of 700638290?
True
Is 407252062 a multiple of 44?
False
Is 34 a factor of 129517526?
True
Is 80126046 a multiple of 231?
True
Is 1644342 a multiple of 14?
True
Does 93 divide 73386140?
False
Is 3 a factor of 40959879?
True
Does 151 divide 20876246?
False
Is 136 a factor of 5258506368?
True
Is 219460945 a multiple of 3382?
False
Is 92 a factor of 50654832?
True
Is 180174600 a multiple of 3018?
True
Is 27 a factor of 13009869?
True
Is 85157649 a multiple of 2214?
False
Is 211 a factor of 464298055?
False
Is 49 a factor of 110493628?
True
Does 785 divide 4213185511?
False
Is 3187 a factor of 1120160386?
True
Is 9292004 a multiple of 894?
False
Does 524 divide 1230170696?
True
Does 1575 divide 35401224?
False
Does 116 divide 288764897?
False
Is 15 a factor of 103453343?
False
Is 791 a factor of 16361509?
False
Is 55 a factor of 1101976645?
True
Is 2464 a factor of 266577696?
True
Is 855169299 a multiple of 779?
False
Is 384843887 a multiple of 51?
False
Does 55 divide 621554615?
True
Is 843972044 a multiple of 287?
False
Does 78 divide 463476?
True
Does 1282 divide 24482015?
False
Is 135061892 a multiple of 15?
False
Does 791 divide 414457897?
True
Is 110922497 a multiple of 8?
False
Is 496445040 a multiple of 3120?
True
Is 45 a factor of 126471195?
True
Is 5 a factor of 4137107?
False
Is 15 a factor of 1308555420?
True
Is 91351250 a multiple of 25?
True
Is 7 a factor of 28306712?
True
Is 3493717098 a multiple of 101?
False
Is 21176166 a multiple of 11?
True
Is 942 a factor of 132757002?
True
Does 462 divide 285098862?
False
Is 13 a factor of 1224002659?
False
Is 52 a factor of 18893680?
True
Does 130 divide 50112474?
False
Is 31861438 a multiple of 502?
True
Does 799 divide 970205560?
False
Does 9 divide 136586471?
False
Does 370 divide 51476250?
True
Does 49 divide 39805738?
True
Is 707 a factor of 157875928?
True
Does 346 divide 54302624?
True
Is 554 a factor of 90990622?
True
Does 6 divide 140973702?
True
Is 905 a factor of 182834158?
False
Is 507 a factor of 284801316?
False
Does 58 divide 40581614?
True
Does 9 divid